{"id":74566,"date":"2025-08-19T16:39:16","date_gmt":"2025-08-19T21:39:16","guid":{"rendered":"https:\/\/develop.phillips66.com\/76com\/\/?page_id=74566"},"modified":"2025-08-19T16:39:16","modified_gmt":"2025-08-19T21:39:16","slug":"seahawks","status":"publish","type":"page","link":"https:\/\/develop.phillips66.com\/76com\/seahawks\/","title":{"rendered":"Seahawks"},"content":{"rendered":"\n\n\n\n\n<div class=\"wp-block-group alignfull is-layout-constrained wp-block-group-is-layout-constrained\">\n<h4 class=\"wp-block-heading has-text-align-center mt-zero\">Cambia de fan a VIP. Hasta el 11\/30\/2025, cuando compras 8 galones o m\u00e1s* con la app Fuel Forward\u00ae, t\u00fa y tres amigos pueden ganar una Experiencia VIP el d\u00eda del juego de los Seahawks.<\/h4>\n\n\n\n<div class=\"wp-block-buttons is-content-justification-center is-layout-flex wp-container-core-buttons-is-layout-16018d1d wp-block-buttons-is-layout-flex\">\n<div class=\"wp-block-button\"><a class=\"wp-block-button__link wp-element-button\" href=\"https:\/\/phillips66.onelink.me\/ohlz\/uk4l7359\">Desc\u00e1rgala Ya<\/a><\/div>\n<\/div>\n<\/div>\n\n\n\n\n<h2 class=\"wp-block-heading\"><strong>Vive la experiencia de los Seahawks como nunca antes.<\/strong><\/h2>\n\n\n\n<p>Al llenar con 8 galones o m\u00e1s* con la app Fuel Forward<sup>\u00ae<\/sup> podr\u00edas ganar:<\/p>\n\n\n\n<ul class=\"wp-block-list\">\n<li>4 boletos a nivel de club<\/li>\n\n\n\n<li>4 pases para acceso al campo antes del juego<\/li>\n\n\n\n<li>Bal\u00f3n de f\u00fatbol americano autografiado<\/li>\n\n\n\n<li>Conocer en persona a una leyenda de los Seahawks<\/li>\n<\/ul>\n\n\n\n<p>Despu\u00e9s de ingresar tu participaci\u00f3n para la promoci\u00f3n, recibir\u00e1s un descuento de 10\u00a2 por gal\u00f3n** la pr\u00f3xima vez que llenes el tanque usando la app Fuel Forward<sup>\u00ae<\/sup>. Descarga la app, llena el tanque, y la Experiencia VIP el d\u00eda del juego de los Seahawks puede ser tuya.<\/p>\n\n\n\n<div class=\"wp-block-buttons is-layout-flex wp-block-buttons-is-layout-flex\">\n<div class=\"wp-block-button\"><a class=\"wp-block-button__link wp-element-button\" href=\"https:\/\/phillips66.onelink.me\/ohlz\/uk4l7359\">Desc\u00e1rgala Ya<\/a><\/div>\n<\/div>\n\n\n\n<p class=\"has-tiny-font-size\">*Aplican t\u00e9rminos y condiciones. Ve las reglas oficiales para m\u00e1s detalles en <a href=\"http:\/\/develop.phillips66.com\/76com\/\/seahawks-rules\" target=\"_blank\" rel=\"noreferrer noopener\">www.76.com\/seahawks-rules<\/a>. V\u00e1lido del 8\/7\/2025 al 11\/30\/2025. 76<sup>\u00ae<\/sup> es una marca registrada de Phillips 66 Company. \u00a9 2025 Phillips 66 Company. Todos los derechos reservados.<\/p>\n\n\n\n<p class=\"has-tiny-font-size\">**El descuento de 10\u00a2 por gal\u00f3n est\u00e1 disponible una vez por usuario de la app Fuel Forward<sup>\u00ae<\/sup> durante el periodo promocional (hasta 30 galones). V\u00e1lido del 8\/7\/2025 al 12\/31\/2025. Solo en ubicaciones participantes. Puede combinarse con otras ofertas.<\/p>\n\n\n\n\n\n<h3 class=\"wp-block-heading\">Trivia + t\u00fa = VIP<\/h3>\n\n\n\n<p>Es hora de la trivia durante los juegos en casa de los Seahawks, ahora y hasta el 11\/30\/2025. Obt\u00e9n entradas adicionales para la Experiencia VIP el d\u00eda del juego al responder a tres preguntas tipo trivia en la app Fuel Forward<sup>\u00ae<\/sup> durante cada juego en casa de los Seahawks. Cada pregunta correcta te da la oportunidad de una participaci\u00f3n extra.<\/p>\n\n\n\n<div class=\"wp-block-buttons is-layout-flex wp-block-buttons-is-layout-flex\">\n<div class=\"wp-block-button\"><a class=\"wp-block-button__link wp-element-button\" href=\"https:\/\/phillips66.onelink.me\/ohlz\/uk4l7359\">Desc\u00e1rgala Ya<\/a><\/div>\n<\/div>\n\n","protected":false},"excerpt":{"rendered":"<p>Cambia de fan a VIP. Hasta el 11\/30\/2025, cuando compras 8 galones o m\u00e1s* con la app Fuel Forward\u00ae, t\u00fa y tres amigos pueden ganar una Experiencia VIP el d\u00eda del juego de los Seahawks.<\/p>\n","protected":false},"author":102,"featured_media":0,"parent":0,"menu_order":0,"comment_status":"closed","ping_status":"closed","template":"","meta":{"footnotes":"","widen_thumbnail_url":"","widen_thumbnail_width":"","widen_thumbnail_height":"","widen_thumbnail_focal_point_x":"","widen_thumbnail_focal_point_y":""},"psx_promotion":[],"class_list":["post-74566","page","type-page","status-publish","hentry"],"yoast_head":"<!-- This site is optimized with the Yoast SEO plugin v23.9 - https:\/\/yoast.com\/wordpress\/plugins\/seo\/ -->\n<title>Seahawks | 76 Gas Stations<\/title>\n<meta name=\"description\" content=\"Cambia de fan a VIP. Hasta el 11\/30\/2025, cuando compras 8 galones o m\u00e1s* con la app Fuel Forward\u00ae, t\u00fa y tres amigos pueden ganar una Experiencia VIP el\" \/>\n<meta name=\"robots\" content=\"index, follow, max-snippet:-1, max-image-preview:large, max-video-preview:-1\" \/>\n<link rel=\"canonical\" href=\"https:\/\/develop.phillips66.com\/76com\/es\/seahawks\/\" \/>\n<meta property=\"og:locale\" content=\"en_US\" \/>\n<meta property=\"og:type\" content=\"article\" \/>\n<meta property=\"og:title\" content=\"Seahawks | 76 Gas Stations\" \/>\n<meta property=\"og:description\" content=\"Cambia de fan a VIP. Hasta el 11\/30\/2025, cuando compras 8 galones o m\u00e1s* con la app Fuel Forward\u00ae, t\u00fa y tres amigos pueden ganar una Experiencia VIP el\" \/>\n<meta property=\"og:url\" content=\"https:\/\/develop.phillips66.com\/76com\/es\/seahawks\/\" \/>\n<meta property=\"og:site_name\" content=\"76 Gas Stations\" \/>\n<meta property=\"article:publisher\" content=\"https:\/\/www.facebook.com\/76gas\" \/>\n<meta name=\"twitter:card\" content=\"summary_large_image\" \/>\n<meta name=\"twitter:site\" content=\"@76\" \/>\n<meta name=\"twitter:label1\" content=\"Est. reading time\" \/>\n\t<meta name=\"twitter:data1\" content=\"2 minutes\" \/>\n<script type=\"application\/ld+json\" class=\"yoast-schema-graph\">{\n\t    \"@context\": \"https:\/\/schema.org\",\n\t    \"@graph\": [\n\t        {\n\t            \"@type\": \"WebPage\",\n\t            \"@id\": \"https:\/\/develop.phillips66.com\/76com\/es\/seahawks\/\",\n\t            \"url\": \"https:\/\/develop.phillips66.com\/76com\/es\/seahawks\/\",\n\t            \"name\": \"Seahawks | 76 Gas Stations\",\n\t            \"isPartOf\": {\n\t                \"@id\": \"https:\/\/develop.phillips66.com\/76com\/#website\"\n\t            },\n\t            \"datePublished\": \"2025-08-19T21:39:16+00:00\",\n\t            \"dateModified\": \"2025-08-19T21:39:16+00:00\",\n\t            \"description\": \"Cambia de fan a VIP. Hasta el 11\/30\/2025, cuando compras 8 galones o m\u00e1s* con la app Fuel Forward\u00ae, t\u00fa y tres amigos pueden ganar una Experiencia VIP el\",\n\t            \"breadcrumb\": {\n\t                \"@id\": \"https:\/\/develop.phillips66.com\/76com\/es\/seahawks\/#breadcrumb\"\n\t            },\n\t            \"inLanguage\": \"en-US\",\n\t            \"potentialAction\": [\n\t                {\n\t                    \"@type\": \"ReadAction\",\n\t                    \"target\": [\n\t                        \"https:\/\/develop.phillips66.com\/76com\/es\/seahawks\/\"\n\t                    ]\n\t                }\n\t            ]\n\t        },\n\t        {\n\t            \"@type\": \"BreadcrumbList\",\n\t            \"@id\": \"https:\/\/develop.phillips66.com\/76com\/es\/seahawks\/#breadcrumb\",\n\t            \"itemListElement\": [\n\t                {\n\t                    \"@type\": \"ListItem\",\n\t                    \"position\": 1,\n\t                    \"name\": \"Home\",\n\t                    \"item\": \"https:\/\/develop.phillips66.com\/76com\/\"\n\t                },\n\t                {\n\t                    \"@type\": \"ListItem\",\n\t                    \"position\": 2,\n\t                    \"name\": \"Seahawks\"\n\t                }\n\t            ]\n\t        },\n\t        {\n\t            \"@type\": \"WebSite\",\n\t            \"@id\": \"https:\/\/develop.phillips66.com\/76com\/#website\",\n\t            \"url\": \"https:\/\/develop.phillips66.com\/76com\/\",\n\t            \"name\": \"76 Gas Stations\",\n\t            \"description\": \"\",\n\t            \"potentialAction\": [\n\t                {\n\t                    \"@type\": \"SearchAction\",\n\t                    \"target\": {\n\t                        \"@type\": \"EntryPoint\",\n\t                        \"urlTemplate\": \"https:\/\/develop.phillips66.com\/76com\/?s={search_term_string}\"\n\t                    },\n\t                    \"query-input\": {\n\t                        \"@type\": \"PropertyValueSpecification\",\n\t                        \"valueRequired\": true,\n\t                        \"valueName\": \"search_term_string\"\n\t                    }\n\t                }\n\t            ],\n\t            \"inLanguage\": \"en-US\",\n\t            \"publisher\": {\n\t                \"@id\": \"https:\/\/develop.phillips66.com\/76com\/#\/schema\/Organization\/1\"\n\t            }\n\t        },\n\t        {\n\t            \"@type\": \"Organization\",\n\t            \"@id\": \"https:\/\/develop.phillips66.com\/76com\/#\/schema\/Organization\/1\",\n\t            \"name\": \"76 Gas Stations\",\n\t            \"url\": \"https:\/\/develop.phillips66.com\/76com\/\",\n\t            \"logo\": {\n\t                \"@type\": \"ImageObject\",\n\t                \"inLanguage\": \"en-US\",\n\t                \"@id\": \"https:\/\/develop.phillips66.com\/76com\/#\/schema\/logo\/image\/\",\n\t                \"url\": \"https:\/\/develop.phillips66.com\/76com\/wp-content\/client-mu-plugins\/psx-yoast\/images\/p76-android-chrome-192.png\",\n\t                \"contentUrl\": \"https:\/\/develop.phillips66.com\/76com\/wp-content\/client-mu-plugins\/psx-yoast\/images\/p76-android-chrome-192.png\",\n\t                \"caption\": \"76 Gas\",\n\t                \"width\": 192,\n\t                \"height\": 192\n\t            },\n\t            \"image\": {\n\t                \"@id\": \"https:\/\/develop.phillips66.com\/76com\/#\/schema\/logo\/image\/\"\n\t            },\n\t            \"sameAs\": [\n\t                \"https:\/\/www.instagram.com\/76\",\n\t                \"https:\/\/www.facebook.com\/76gas\",\n\t                \"https:\/\/www.youtube.com\/user\/76Gasoline\"\n\t            ]\n\t        }\n\t    ]\n\t}<\/script>\n<!-- \/ Yoast SEO plugin. -->","yoast_head_json":{"title":"Seahawks | 76 Gas Stations","description":"Cambia de fan a VIP. Hasta el 11\/30\/2025, cuando compras 8 galones o m\u00e1s* con la app Fuel Forward\u00ae, t\u00fa y tres amigos pueden ganar una Experiencia VIP el","robots":{"index":"index","follow":"follow","max-snippet":"max-snippet:-1","max-image-preview":"max-image-preview:large","max-video-preview":"max-video-preview:-1"},"canonical":"https:\/\/develop.phillips66.com\/76com\/es\/seahawks\/","og_locale":"en_US","og_type":"article","og_title":"Seahawks | 76 Gas Stations","og_description":"Cambia de fan a VIP. Hasta el 11\/30\/2025, cuando compras 8 galones o m\u00e1s* con la app Fuel Forward\u00ae, t\u00fa y tres amigos pueden ganar una Experiencia VIP el","og_url":"https:\/\/develop.phillips66.com\/76com\/es\/seahawks\/","og_site_name":"76 Gas Stations","article_publisher":"https:\/\/www.facebook.com\/76gas","twitter_card":"summary_large_image","twitter_site":"@76","twitter_misc":{"Est. reading time":"2 minutes"},"schema":{"@context":"https:\/\/schema.org","@graph":[{"@type":"WebPage","@id":"https:\/\/develop.phillips66.com\/76com\/es\/seahawks\/","url":"https:\/\/develop.phillips66.com\/76com\/es\/seahawks\/","name":"Seahawks | 76 Gas Stations","isPartOf":{"@id":"https:\/\/develop.phillips66.com\/76com\/#website"},"datePublished":"2025-08-19T21:39:16+00:00","dateModified":"2025-08-19T21:39:16+00:00","description":"Cambia de fan a VIP. Hasta el 11\/30\/2025, cuando compras 8 galones o m\u00e1s* con la app Fuel Forward\u00ae, t\u00fa y tres amigos pueden ganar una Experiencia VIP el","breadcrumb":{"@id":"https:\/\/develop.phillips66.com\/76com\/es\/seahawks\/#breadcrumb"},"inLanguage":"en-US","potentialAction":[{"@type":"ReadAction","target":["https:\/\/develop.phillips66.com\/76com\/es\/seahawks\/"]}]},{"@type":"BreadcrumbList","@id":"https:\/\/develop.phillips66.com\/76com\/es\/seahawks\/#breadcrumb","itemListElement":[{"@type":"ListItem","position":1,"name":"Home","item":"https:\/\/develop.phillips66.com\/76com\/"},{"@type":"ListItem","position":2,"name":"Seahawks"}]},{"@type":"WebSite","@id":"https:\/\/develop.phillips66.com\/76com\/#website","url":"https:\/\/develop.phillips66.com\/76com\/","name":"76 Gas Stations","description":"","potentialAction":[{"@type":"SearchAction","target":{"@type":"EntryPoint","urlTemplate":"https:\/\/develop.phillips66.com\/76com\/?s={search_term_string}"},"query-input":{"@type":"PropertyValueSpecification","valueRequired":true,"valueName":"search_term_string"}}],"inLanguage":"en-US","publisher":{"@id":"https:\/\/develop.phillips66.com\/76com\/#\/schema\/Organization\/1"}},{"@type":"Organization","@id":"https:\/\/develop.phillips66.com\/76com\/#\/schema\/Organization\/1","name":"76 Gas Stations","url":"https:\/\/develop.phillips66.com\/76com\/","logo":{"@type":"ImageObject","inLanguage":"en-US","@id":"https:\/\/develop.phillips66.com\/76com\/#\/schema\/logo\/image\/","url":"https:\/\/develop.phillips66.com\/76com\/wp-content\/client-mu-plugins\/psx-yoast\/images\/p76-android-chrome-192.png","contentUrl":"https:\/\/develop.phillips66.com\/76com\/wp-content\/client-mu-plugins\/psx-yoast\/images\/p76-android-chrome-192.png","caption":"76 Gas","width":192,"height":192},"image":{"@id":"https:\/\/develop.phillips66.com\/76com\/#\/schema\/logo\/image\/"},"sameAs":["https:\/\/www.instagram.com\/76","https:\/\/www.facebook.com\/76gas","https:\/\/www.youtube.com\/user\/76Gasoline"]}]}},"jetpack_sharing_enabled":true,"_links":{"self":[{"href":"https:\/\/develop.phillips66.com\/76com\/wp-json\/wp\/v2\/pages\/74566","targetHints":{"allow":["GET"]}}],"collection":[{"href":"https:\/\/develop.phillips66.com\/76com\/wp-json\/wp\/v2\/pages"}],"about":[{"href":"https:\/\/develop.phillips66.com\/76com\/wp-json\/wp\/v2\/types\/page"}],"author":[{"embeddable":true,"href":"https:\/\/develop.phillips66.com\/76com\/wp-json\/wp\/v2\/users\/102"}],"replies":[{"embeddable":true,"href":"https:\/\/develop.phillips66.com\/76com\/wp-json\/wp\/v2\/comments?post=74566"}],"version-history":[{"count":1,"href":"https:\/\/develop.phillips66.com\/76com\/wp-json\/wp\/v2\/pages\/74566\/revisions"}],"predecessor-version":[{"id":74567,"href":"https:\/\/develop.phillips66.com\/76com\/wp-json\/wp\/v2\/pages\/74566\/revisions\/74567"}],"wp:attachment":[{"href":"https:\/\/develop.phillips66.com\/76com\/wp-json\/wp\/v2\/media?parent=74566"}],"wp:term":[{"taxonomy":"psx_promotion","embeddable":true,"href":"https:\/\/develop.phillips66.com\/76com\/wp-json\/wp\/v2\/psx_promotion?post=74566"}],"curies":[{"name":"wp","href":"https:\/\/api.w.org\/{rel}","templated":true}]}}